- 18).
31
Evaluate 5 - ((23 - 4) + -16) - -41 - -3.
46
Evaluate -83 - (-85 + (86 - -10)).
-94
What is the value of (-51 - (-62 - -53)) + 39?
-3
Calculate -10 - (-86 + 50 - -33 - (0 - -24)).
17
Calculate -822 + 828 - (-6 + 32 - -7).
-27
Evaluate 107 + -2 - (-21 - (-24 - -13 - -25 - 25)).
115
What is -14 - (-20 + (37 - 2))?
-29
Calculate (1 - 9) + 17 - (-78 + 21 + 21).
45
Calculate (51 - 42 - (13 - 1)) + 85 - (-7 + 18).
71
Evaluate -37 + (-282 - -294) + (-5 - -3 - 20).
-47
30 - ((-78 - -100) + -41 + -4)
53
What is -16 - 4 - 3 - (-449 - -393)?
33
Evaluate -27 + (5 - -6 - 19 - -15 - -1).
-19
Evaluate (-12 - 5) + -19 + 6 - 37.
-67
Evaluate -98 - (-90 + 29 + -9).
-28
What is -4 + 0 - (1 - 8 - (-38 + (-67 - -64)))?
-38
-27 + 32 + 67 + -7
65
Evaluate (99 - -11) + -53 + -79.
-22
(10 - 8 - 3 - 11) + (7 - -3) + -12
-14
Evaluate 1 - 6 - (163 + -194).
26
34 + (8 - 10) - (22 - (11 - -8))
29
What is the value of -4 - (1 + 0 + 2 + -15 + 8 + 11)?
-11
Evaluate 12 + -12 + 5 + (-47 - (-6 - 0)).
-36
Calculate 251 + -199 + 35 + 0 + -32.
55
Calculate (8 - 34 - (-23 - -12)) + 18 + 5.
8
(1 - 3) + -53 + -37 + 86
-6
What is 140 - ((-9 + 45 - -27) + -28)?
105
(-437 - -472) + 2 + -13 + -56
-32
What is the value of 22 + 1 - (-69 - -159) - -10?
-57
(-27 - 1 - -82) + -30
24
(-1 + -20 + 29 - (-2 + 56)) + 3 - 5
-48
What is 7 + -5 + (-5 + -17 - -67)?
47
Calculate -4 - (12 + -1 + -3) - (37 - (21 - -57)).
29
-11 + (-14 - -25 - (-12 - (-11 - 2)))
-1
What is the value of 85 - (0 + 19 - 8 - 6) - 1?
79
-35 + 19 - 3 - (29 + -143)
95
Evaluate -1 - (-2 + -6 + (7 - (30 - 51))).
-21
(92 - (81 + 0)) + -18
-7
What is 44 - (12 + -13 - 12 - (-2 + -14))?
41
(42 - (44 - 29)) + -35
-8
36 + (29 - (74 + -78))
69
What is (22 - 20) + (-37 - (-5 - (-8 + 5 - -6)))?
-27
2 + -116 + (2368 - 2355)
-101
Calculate (4 - 10 - 0) + (-37 + 14 - -32).
3
3 + 5 + -2 + (-4 - 28) + -41 + 17
-50
What is (6 - (4 + (-2 - (-13 + 10)))) + 1 + -32?
-30
What is -36 - -40 - 20 - (-8 + 13 + -32)?
11
What is the value of -5 + -2 + (-5 - -10) - -54?
52
What is the value of -82 + (-55 - -110) - (-67 + 4)?
36
What is -4 - (-3 - (-70 - 1) - (10 + -18 + 12))?
-68
-89 + (-8 - -91) - (-26 - (-3 + 2))
19
What is the value of -28 - 40 - -83 - (2 + (76 - 5))?
-58
46 + (50 - 24 - 35 - -26)
63
What is the value of -2 + -7 + 1 - (28 + -76 + 58)?
-18
What is -6 - 1 - (72 - (109 + -45))?
-15
Calculate -17 + (6 + -20 - 12 - -116).
73
(36 - 97 - -66) + (-2 - -10)
13
What is (-1 - 0 - 5) + -1 + -81 + 196 + 2?
110
What is the value of 101 + (-122 - -39) + (2 - 0) + -62?
-42
(-47 + 44 - (3 + -12)) + 27
33
Calculate -3 + (-18 - -8) - (2 + -9 + 16 + -8).
-14
Evaluate 24 + -76 + (141 - 105).
-16
Evaluate (2 - 5) + (1 + 64 - (-71 - -121 - 37)).
49
What is the value of 8 - ((-218 - -201) + (-23 - -28 - (0 + -6)))?
14
What is the value of (28 - -13) + 25 + (-10 - 2 - 2)?
52
Calculate 30 + (39 - 49) - (5 + 0).
15
What is 73 + -44 + 32 + (-1 - -5) - (33 + -19)?
51
-4 + (1 - -28) - (0 - -4 - -8)
13
Evaluate (-14 - (-65 + 38)) + 8.
21
What is the value of 38 + -22 + 0 + -45?
-29
48 + 12 + -15 + -7 + 29
67
(4 - -2) + 0 - ((-39 - -11) + 29)
5
What is the value of 26 + -7 + (-5 - -3) + (3 - -6)?
26
(-183 - -197 - ((31 - 6) + 6)) + 81
64
-103 - -129 - (1 + 6) - -32
51
0 - -43 - (-19 - (-34 + 30 + -28))
30
-10 + 6 + -89 + 20 + (-5 - -5)
-73
Evaluate -13 - ((234 - 184) + (-4 - 1)) - (6 + 1).
-65
21 + 167 + -159 - (0 + -31)
60
What is the value of 133 + -73 + -39 + -34?
-13
Calculate 59 + (16 - (38 + 10 + 5)).
22
What is the value of 0 + -12 + 228 + (-232 - -45)?
29
What is -5 + (-33 - (12 + -31)) - 12?
-31
Calculate 37 - (-27 + (40 - -3)).
21
Calculate -122 + 73 + -35 + 87.
3
Evaluate -23 + 36 + 9 - (15 - -4) - (0 - -34).
-31
18 - -3 - (125 - (26 - (-1 - -62)))
-139
-76 + -43 + 108 + -4 + (-145 - 2) + 8
-154
Evaluate -11 + 0 - (-92 - (76 + -178)).
-21
What is 6 - (56 - (0 + 2) - (157 + -109 + -51))?
-51
What is -10 - (2 - -1) - (-28 + -1 + 36)?
-20
What is 3 + 6 + -3 - (-2 + -45 + 48)?
5
(-46 + 5 - 1 - (-70 - -80)) + -2
-54
Calculate -6 - 4 - (23 + 8).
-41
-37 + (0 - (7 - (-3 + 3)) - (40 - 36))
-48
What is (2 - -3) + -17 + -4 + (19 - 14) + 9?
-2
What is the value of -12 + 0 + (-182 - (89 + -231))?
-52
Calculate (-31 - 15) + -1 - (15 - 3).
-59
What is -14 + (1 + 0 - 1) + (406 - 436)?
-44
What is the value of (-13 - 12) + -12 + (17 - 0) - -24?
4
Evaluate -57 + -20 + -48 + 137.
12
Evaluate 0 + -10 - (-18 + -41 + 30 - -7).
12
Calculate (-59 - -114) + -108 + 9.
-44
What is 8 + (-6 - (2 + -6) - (58 + -62)) + -96?
-86
Calculate 99 + (-116 + -100 - -57).
-60
What is -1 + -65 + (-2 - (31 + -21 - 17) - -4)?
-57
Calculate 14 + -113 + 175 + -72.
4
What is the value of (-3 + 2 - -18) + (-13569 - -13583)?
31
Calculate -14 + (204 - 240) + (26 - -2).
-22
(-9 - 63) + (26 - 9)
-55
What is -48 - (-21 + -69 + 23)?
19
Evaluate 26 - (1274 + -1295 + (1 - -5 - -1)).
40
What is -47 - ((-1 - ((2 - 1) + 5)) + -3)?
-37
What is (-19 + 14 - 3) + -10 - -2?
-16
What is the value of -4 - (3 + 9 + (-15 - 1 - -25))?
-25
What is 22 + (-6 - 3 - -6) + 100 + -157?
-38
(12 - (-5 + 3)) + -28 + 104 + -144
-54
Calculate 2 - ((-10 - 19) + 15).
16
Calculate 50 - (113 - 57) - -88.
82
What is the value of (4 - -3) + 61 + -81 + -2 - -63?
48
85 - (3 - 60 - -105)
37
What is the value of (-27 + 19 + -75 - (5 - 1)) + -2 + -1?
-90
(56 - -3) + 5 + -69
-5
What is the value of (-1 + -2 - ((9 - 27) + 7)) + (11 - -14)?
33
Evaluate 1 + 56 - (0 - 2) - (5794 + -5814).
79
Calculate 0 + -9 + 0 + (-172 - -205) + (2 - -25).
51
What is the value of (-7 - -18) + -15 - ((-57 - (3 - 2)) + 3)?
51
What is (-28 - (21 - 38) - (4 + (-17 - -1))) + -78?
-77
Calculate (-93 - -11 - -3) + 24 + (-32 - -3).
-84
What is the value of 25 - (-86 + (59 - 28) - -22)?
58
Evaluate (231 - (295 - 150)) + 1 + 7.
94
What is (2 - (15 - -2) - -1) + (-3564 - -3518)?
-60
What is (9 - (16 - 3)) + 18 + -21 + -28?
-35
Calculate -56 - (-33 + -68 + 31).
14
Calculate -29 - -20 - (-40 + 17) - 92.
-78
Calculate 1887 - 1687 - (111 + -3).
92
What is the value of -8 + -90 + 44 + 28?
-26
What is the value of 27 + (53 - 142) + -5?
-67
Evaluate 51 + 25 + 20 + -18 - (3 - -2).
73
(118 - (59 + -50)) + -126
-17
Calculate 34 - (-114 - (24 + -116)).
56
What is (-2068 - -2008) + (1 - -127)?
68
-23 + 2 - -14 - (-45 - (0 - -7))
45
-4 + (20 - 12) - -9 - 7 - 20
-14
What is 1 + -54 - (54 + -78 - (-9 + (-2 - 6)))?
-46
What is the value of (-59 - -32) + 4 + (1 - -6)?
-16
What is the value of -126 - 8 - ((-12 - -21) + -12 + -16)?
-115
What is the value of 1 + (-53 - 15) - -37?
-30
What is the value of (-46 - -65) + -13 - (2 + 7) - 32?
-35
Calculate 49 + 0 - ((0 - -4) + (20 + -17 - 7)).
49
What is the value of 115 + 3 - (2195 - 2119)?
42
What is (2 - -1 - 0) + (-919 - -940)?
24
What is 46 + -7 + -14 + 10?
35
What is the value of 275 + -211 - (-11 - -50)?
25
Calculate (9 - -3) + (-24 - ((22 - 3) + -76 + 72)).
-27
What is the value of -6 + 2 + 5 - (-91 + (-5 - -5 - -11))?
81
What is the value of 2 + -33 + 21 + (6 - -1) - (-42 - 15)?
54
What is the value of (-5 - 15) + -7 - -25 - 47?
-49
42 + (-12 - -4) + -3 + 10 + -1
40
What is (8 + (1 - 10) - 8) + 11 - 13 - -74?
63
Evaluate 40 + (-31 - 9) - (43 - (0 + 7)).
-36
Calculate -89 - -3 - ((-32 + 12 - -13) + 19).
-98
What is -316 - -203 - (-5 + -25)?
-83
What is 55 - (41 + -62 + 137)?
-61
835 + -863 + 65 + -1
36
Evaluate 5 + (1 - 17) - (10 + -36) - -43 - 5.
53
Calculate -1 + 5 + 0 + (-150 - (52 + -102)).
-96
Calculate 6 + 13 + (517 - 605).
-69
What is the value of 4 + -4 + 93 + (-205 + 218 - (-2 + 14))?
94
(-1 - (0 - -1) - 9) + 39884 + -39918
-45
(-26 - (5 - ((11 - 16) + 2))) + 3
-31
-33 - -51 - 13 - -25
30
What is the value of 16 - (-6 + 80 + 3 + 2 + -2)?
-61
What is the value of 21 + (2 - 26) + (-208 - -197)?
-14
47 + -82 + 32 - -67
64
Calculate -161 + (-2 - 138 - -282).
-19
What is 15 + 3 - (-1 + -20 + 37) - (-1 + 28)?
-25
Evaluate 66 - (39 + -62 + 33) - 37.
19
What is the value of -101 - -7 - -202 - 5?
103
What is the value of -924 + 927 + (-7 - 3)?
-7
(48 - 185) + (21 - -65)
-51
Evaluate (-1 - 35) + -28 - -26.
-38
What is the value of -47 + 41 + 3 + -11 - (8 + 12)?
-34
What is the value of 8 + (-1 - -2) - 1 - (-1934 - -2011)?
-69
What is 187 - 219 - (4 + -3)?
-33
Calculate (-127 - -135) + (-1 - (5 + (-4 - -2))).
4
Evaluate -1 + (65 - 